{"id":29,"date":"2015-08-18T09:00:44","date_gmt":"2015-08-18T09:00:44","guid":{"rendered":"http:\/\/rytkonen.net\/?page_id=29"},"modified":"2024-04-18T18:23:10","modified_gmt":"2024-04-18T18:23:10","slug":"linkit","status":"publish","type":"page","link":"https:\/\/www.rytkonen.net\/?page_id=29","title":{"rendered":"Linkit"},"content":{"rendered":"<h4><strong>LINKIT<\/strong><\/h4>\n<p>Kuopion palvelut, ihmiset ja tapahtumat, menovinkkej\u00e4, keikkalistoja ym.mielenkiintoista ja hy\u00f6dyllist\u00e4 <a href=\"http:\/\/www.xpress.fi\">www.xpress.fi\u00a0<\/a><\/p>\n<p>Juurevaa rokkausta aikuiseen makuun! <a href=\"https:\/\/www.facebook.com\/shakin.skeletons\">https:\/\/www.facebook.com\/shakin.skeletons<\/a><\/p>\n<p>Valtakunnan k\u00e4rkikuulutukset: <a href=\"http:\/\/www.kuuluttajat.com\" target=\"_blank\" rel=\"noopener noreferrer\">www.kuuluttajat.com<\/a><br \/>\nKaraoket, humpat ja muut mukavat virkineet: <a href=\"http:\/\/www.viihdevisiot.fi\" target=\"_blank\" rel=\"noopener noreferrer\">www.viihdevisiot.fi<\/a><\/p>\n<p>It\u00e4suomalaista viihdeosaamista, sit\u00e4 pikkusen parempata! <a href=\"http:\/\/www.funpandemia.fi\">www.funpandemia.fi<\/a><br \/>\nIltamia, n\u00e4ytelmi\u00e4, monologeja ja muuta kulttuuria: <a href=\"http:\/\/www.ohjelmapaja.fi\" target=\"_blank\" rel=\"noopener noreferrer\">www.ohjelmapaja.fi <\/a><\/p>\n<p>Muuta :<\/p>\n<p>T\u00e4ll\u00e4 Olavin VideoVuplake- <a href=\"https:\/\/www.youtube.com\/channel\/UCk7wHf2Tuw65q3OskMMpM3g?view_as=public\" target=\"_blank\" rel=\"noopener noreferrer\"><span style=\"color: #0066cc;\">YouTube-kanavalla <\/span><\/a>on runsaasti n\u00e4ytteit\u00e4 eri keikoilta vuosien varrelta&#8230;<\/p>\n<p><a href=\"http:\/\/rytkonen.net\/wp-content\/uploads\/2015\/08\/OlaKitara.jpg\"><img loading=\"lazy\" decoding=\"async\" class=\"alignleft size-medium wp-image-218\" src=\"http:\/\/rytkonen.net\/wp-content\/uploads\/2015\/08\/OlaKitara-300x225.jpg\" alt=\"OlaKitara\" width=\"300\" height=\"225\" srcset=\"https:\/\/www.rytkonen.net\/wp-content\/uploads\/2015\/08\/OlaKitara-300x225.jpg 300w, https:\/\/www.rytkonen.net\/wp-content\/uploads\/2015\/08\/OlaKitara-1024x768.jpg 1024w, https:\/\/www.rytkonen.net\/wp-content\/uploads\/2015\/08\/OlaKitara-160x120.jpg 160w, https:\/\/www.rytkonen.net\/wp-content\/uploads\/2015\/08\/OlaKitara.jpg 1600w\" sizes=\"auto, (max-width: 300px) 100vw, 300px\" \/><\/a><\/p>\n","protected":false},"excerpt":{"rendered":"<p>LINKIT Kuopion palvelut, ihmiset ja tapahtumat, menovinkkej\u00e4, keikkalistoja ym.mielenkiintoista ja hy\u00f6dyllist\u00e4 www.xpress.fi\u00a0 Juurevaa rokkausta aikuiseen makuun! https:\/\/www.facebook.com\/shakin.skeletons Valtakunnan k\u00e4rkikuulutukset: www.kuuluttajat.com Karaoket, humpat ja muut mukavat virkineet: www.viihdevisiot.fi It\u00e4suomalaista viihdeosaamista, sit\u00e4 pikkusen parempata! www.funpandemia.fi Iltamia, n\u00e4ytelmi\u00e4, monologeja ja muuta kulttuuria: www.ohjelmapaja.fi Muuta : T\u00e4ll\u00e4 Olavin VideoVuplake- YouTube-kanavalla on runsaasti n\u00e4ytteit\u00e4 eri&#8230;<\/p>\n","protected":false},"author":1,"featured_media":0,"parent":0,"menu_order":0,"comment_status":"closed","ping_status":"closed","template":"","meta":{"footnotes":""},"class_list":["post-29","page","type-page","status-publish","hentry"],"_links":{"self":[{"href":"https:\/\/www.rytkonen.net\/index.php?rest_route=\/wp\/v2\/pages\/29","targetHints":{"allow":["GET"]}}],"collection":[{"href":"https:\/\/www.rytkonen.net\/index.php?rest_route=\/wp\/v2\/pages"}],"about":[{"href":"https:\/\/www.rytkonen.net\/index.php?rest_route=\/wp\/v2\/types\/page"}],"author":[{"embeddable":true,"href":"https:\/\/www.rytkonen.net\/index.php?rest_route=\/wp\/v2\/users\/1"}],"replies":[{"embeddable":true,"href":"https:\/\/www.rytkonen.net\/index.php?rest_route=%2Fwp%2Fv2%2Fcomments&post=29"}],"version-history":[{"count":42,"href":"https:\/\/www.rytkonen.net\/index.php?rest_route=\/wp\/v2\/pages\/29\/revisions"}],"predecessor-version":[{"id":1665,"href":"https:\/\/www.rytkonen.net\/index.php?rest_route=\/wp\/v2\/pages\/29\/revisions\/1665"}],"wp:attachment":[{"href":"https:\/\/www.rytkonen.net\/index.php?rest_route=%2Fwp%2Fv2%2Fmedia&parent=29"}],"curies":[{"name":"wp","href":"https:\/\/api.w.org\/{rel}","templated":true}]}}