{"id":14,"date":"2015-08-18T07:23:10","date_gmt":"2015-08-18T07:23:10","guid":{"rendered":"http:\/\/rytkonen.net\/?page_id=14"},"modified":"2022-11-17T11:20:37","modified_gmt":"2022-11-17T11:20:37","slug":"yhteydenotto","status":"publish","type":"page","link":"https:\/\/www.rytkonen.net\/?page_id=14","title":{"rendered":"Yhteydenotto"},"content":{"rendered":"<h4><strong>YHTEYDENOTTO<\/strong><\/h4>\n<p>Keikkatilaukset, tarjouspyynn\u00f6t ja muut kontaktit:<\/p>\n<p>Kilauta 040 5620836, tarvittaessa j\u00e4t\u00e4 yhteystietosi ja viesti vastaajaan<\/p>\n<p>L\u00e4het\u00e4 s\u00e4hk\u00f6postia\u00a0 olavi(at)rytkonen.net<\/p>\n<p>Tai l\u00e4hesty Facebookissa, sielt\u00e4 Olavi l\u00f6ytyy ihan omalla nimell\u00e4\u00e4n!<\/p>\n","protected":false},"excerpt":{"rendered":"<p>YHTEYDENOTTO Keikkatilaukset, tarjouspyynn\u00f6t ja muut kontaktit: Kilauta 040 5620836, tarvittaessa j\u00e4t\u00e4 yhteystietosi ja viesti vastaajaan L\u00e4het\u00e4 s\u00e4hk\u00f6postia\u00a0 olavi(at)rytkonen.net Tai l\u00e4hesty Facebookissa, sielt\u00e4 Olavi l\u00f6ytyy ihan omalla nimell\u00e4\u00e4n!<\/p>\n","protected":false},"author":1,"featured_media":0,"parent":0,"menu_order":0,"comment_status":"closed","ping_status":"closed","template":"","meta":{"footnotes":""},"class_list":["post-14","page","type-page","status-publish","hentry"],"_links":{"self":[{"href":"https:\/\/www.rytkonen.net\/index.php?rest_route=\/wp\/v2\/pages\/14","targetHints":{"allow":["GET"]}}],"collection":[{"href":"https:\/\/www.rytkonen.net\/index.php?rest_route=\/wp\/v2\/pages"}],"about":[{"href":"https:\/\/www.rytkonen.net\/index.php?rest_route=\/wp\/v2\/types\/page"}],"author":[{"embeddable":true,"href":"https:\/\/www.rytkonen.net\/index.php?rest_route=\/wp\/v2\/users\/1"}],"replies":[{"embeddable":true,"href":"https:\/\/www.rytkonen.net\/index.php?rest_route=%2Fwp%2Fv2%2Fcomments&post=14"}],"version-history":[{"count":11,"href":"https:\/\/www.rytkonen.net\/index.php?rest_route=\/wp\/v2\/pages\/14\/revisions"}],"predecessor-version":[{"id":1563,"href":"https:\/\/www.rytkonen.net\/index.php?rest_route=\/wp\/v2\/pages\/14\/revisions\/1563"}],"wp:attachment":[{"href":"https:\/\/www.rytkonen.net\/index.php?rest_route=%2Fwp%2Fv2%2Fmedia&parent=14"}],"curies":[{"name":"wp","href":"https:\/\/api.w.org\/{rel}","templated":true}]}}