{"id":11,"date":"2015-08-18T07:20:07","date_gmt":"2015-08-18T07:20:07","guid":{"rendered":"http:\/\/rytkonen.net\/?page_id=11"},"modified":"2024-04-18T18:31:05","modified_gmt":"2024-04-18T18:31:05","slug":"olavi","status":"publish","type":"page","link":"https:\/\/www.rytkonen.net\/?page_id=11","title":{"rendered":"Henkil\u00f6"},"content":{"rendered":"<h4><strong>HENKIL\u00d6<\/strong><\/h4>\n<p><iframe loading=\"lazy\" title=\"Olavi Rytk\u00f6nen - sanoja, teksti\u00e4, viihdett\u00e4 ja viestint\u00e4\u00e4!\" width=\"790\" height=\"593\" src=\"https:\/\/www.youtube.com\/embed\/OTz-EcwZguU?feature=oembed\" frameborder=\"0\" allow=\"accelerometer; autoplay; clipboard-write; encrypted-media; gyroscope; picture-in-picture; web-share\" referrerpolicy=\"strict-origin-when-cross-origin\" allowfullscreen><\/iframe><\/p>\n<p><strong>Olavi Rytk\u00f6nen on juontaja, selostaja, kuuluttaja, MC, ohjelmapalveluiden ja viestinn\u00e4n ammattilainen &#8211; kun sanojen on tiedett\u00e4v\u00e4 paikkansa!<\/strong><\/p>\n<p><span style=\"font-size: 0.9375rem;\">Olavi Rytk\u00f6sen tarjoamista ohjelmapalveluista <a href=\"https:\/\/www.youtube.com\/watch?v=FxVd3Mf2KXc\"><strong>Sukellus savolaisuuteen<\/strong><\/a>-show on savolaista stand uppia ja interaktiivista murrekonsultaatiota yhdistelev\u00e4 hulvaton puolituntinen, jonka j\u00e4lkeen ei-savolaisen leuat ovat notkistuneet ja savolainen on kerrannut kurssinsa. Intensiivinen ohjelma taipuu monenlaisten ryhmien tarpeisiin.<\/span><\/p>\n<p>Olavilla on vankka kokemus juontajana ja puheviihteen osaajana jo kaukaa viime vuosituhannen puolelta. Sanataiteilija on tullut tutuksi mit\u00e4 erilaisimmista yleis\u00f6tapahtumista ja radioaalloilta, eukonkannon MM-kisoista Finnish Blues Awardsiin, Kuopio Triathlonista ja Tahko Mountain Bikest\u00e4 Ladybug Rock\u00b4n Roll Weekenderiin, Tropipical Winter Ukulele Festivaliin, Kaavi Kantri&amp;Bluesiin ja Runopuulaakin SM-kiertueeseen sek\u00e4 Reiskafutiksen MM-kisohin. Repertuaari ulottuu tuhansien henkien festivaaleilta muutaman hengen yksityistilaisuuksiin, urheilukuulutuksista ja -selostuksista tarkoin r\u00e4\u00e4t\u00e4l\u00f6ityihin yritystapahtumiin.<\/p>\n<p><strong><a href=\"https:\/\/www.rytkonen.net\/?page_id=14\">TILAA OLAVI KEIKALLE T\u00c4ST\u00c4<\/a><\/strong><\/p>\n<p class=\"wp-caption-dt\">Savon murre taittuu tarvittaessa miten p\u00e4in vain, onhan Olavilla meriittilistallaan maamme myydyimm\u00e4t murrejulkaisut savolaisesta Asterixista vi\u00e4r\u00e4leukaiseen Lucky Lukeen. Kirjoittajana ja valokuvaajana Olavi on tuttu my\u00f6s Blues Newsist\u00e4, Savon XPressist\u00e4 ja monesta muusta sek\u00e4 tietokirjoistaan iskelmist\u00e4 artistihistoriaan.<\/p>\n<p>Yksi esimerkki Olavin t\u00f6ist\u00e4, raportti Hotelli Tallukan Blues-tapahtumasta: <a href=\"https:\/\/blues-finland.com\/blogi\/index.php\/2020\/08\/12\/hotelli-tallukka-blues-party-2020-vaaksy-raportti-kuvat\/\">https:\/\/blues-finland.com\/blogi\/index.php\/2020\/08\/12\/hotelli-tallukka-blues-party-2020-vaaksy-raportti-kuvat\/<\/a><\/p>\n<p>ja Ladybug Rock\u00b4n Roll Weekenderist\u00e4 2024\u00a0 <a href=\"https:\/\/www.rytkonen.net\/?p=1621&amp;fbclid=IwAR0NYyswiHt49wgVOYSgafCMvOfOXhJPFy-01DgVVPBjyxknQyekFxGOvwU_aem_AduFES2cExgEZW8jQHoT8oQKogosao4-2zSRVMytKLlRWEJKv1h7H_TRZUHz9j7g5nj6hiVqsh6NImOwFeLHJq7e\">https:\/\/www.rytkonen.net\/?p=1621&amp;fbclid=IwAR0NYyswiHt49wgVOYSgafCMvOfOXhJPFy-01DgVVPBjyxknQyekFxGOvwU_aem_AduFES2cExgEZW8jQHoT8oQKogosao4-2zSRVMytKLlRWEJKv1h7H_TRZUHz9j7g5nj6hiVqsh6NImOwFeLHJq7e<\/a><\/p>\n<p>&nbsp;<\/p>\n<p><a href=\"http:\/\/rytkonen.net\/wp-content\/uploads\/2015\/08\/Ola_lefa.jpg\"><img loading=\"lazy\" decoding=\"async\" class=\"alignnone size-full wp-image-18\" src=\"http:\/\/rytkonen.net\/wp-content\/uploads\/2015\/08\/Ola_lefa.jpg\" alt=\"Ola_lefa\" width=\"342\" height=\"410\" srcset=\"https:\/\/www.rytkonen.net\/wp-content\/uploads\/2015\/08\/Ola_lefa.jpg 342w, https:\/\/www.rytkonen.net\/wp-content\/uploads\/2015\/08\/Ola_lefa-250x300.jpg 250w\" sizes=\"auto, (max-width: 342px) 100vw, 342px\" \/><\/a><\/p>\n<p><em>kuva:Leif Laaksonen<\/em><\/p>\n<p><strong><a href=\"http:\/\/rytkonen.net\/?page_id=14\">Ota yhteytt\u00e4<\/a><\/strong>, niin laitetaan yhdess\u00e4 sanat paikalleen ja tilaisuutesi tunnelma lupsakalle tolalle..!<\/p>\n\t\t\t\t\t\t<div class=\"gallery_box_single\">\n\t\t\t\t\t\t\t\t\t\t\t\t\t\t\t<div class=\"gallery gllr_grid\" data-gllr-columns=\"7\" data-gllr-border-width=\"7\">\n\t\t\t\t\t\t\t\t\t\t\t\t\t\t\t\t\t\t\t\t<div class=\"gllr_image_row\">\n\t\t\t\t\t\t\t\t\t\t\t\t\t\t\t\t\t\t\t\t\t<div class=\"gllr_image_block\">\n\t\t\t\t\t\t\t\t\t\t\t\t<p style=\"\n\t\t\t\t\t\t\t\t\t\t\t\twidth:164px;height:164px;\t\t\t\t\t\t\t\t\t\t\t\t\">\n\t\t\t\t\t\t\t\t\t\t\t\t\t\t\t\t\t\t\t\t\t\t\t\t\t\t\t\t<a data-fancybox=\"gallery_fancybox_734\" href=\"https:\/\/www.rytkonen.net\/wp-content\/uploads\/2015\/08\/Olakuvaamassa.jpg\" title=\"T\u00e4ss\u00e4 Olavi Savon XPress -lehden toimittaja\/kuvaajan teht\u00e4viss\u00e4 Savonia AMK:n puistossa...\" >\n\t\t\t\t\t\t\t\t\t\t\t\t\t\t\t\t<img decoding=\"async\" width=&quot;150&quot; height=&quot;150&quot; style=\"width:150px; height:150px; border-width: 7px; border-color:#f1f1f1;border: 7px solid #f1f1f1\" alt=\"T\u00e4ss\u00e4 Olavi Savon XPress -lehden toimittaja\/kuvaajan teht\u00e4viss\u00e4 Savonia AMK:n puistossa...\" title=\"T\u00e4ss\u00e4 Olavi Savon XPress -lehden toimittaja\/kuvaajan teht\u00e4viss\u00e4 Savonia AMK:n puistossa...\" src=\"https:\/\/www.rytkonen.net\/wp-content\/uploads\/2015\/08\/Olakuvaamassa-150x150.jpg\" rel=\"https:\/\/www.rytkonen.net\/wp-content\/uploads\/2015\/08\/Olakuvaamassa.jpg\" \/>\t\t\t\t\t\t\t\t\t\t\t\t\t\t\t<\/a>\n\t\t\t\t\t\t\t\t\t\t\t\t\t\t\t\t\t\t\t\t\t\t\t\t\t\t<\/p>\n\t\t\t\t\t\t\t\t\t\t\t\t\t\t\t\t\t\t\t\t\t\t\t<\/div><!-- .gllr_image_block -->\n\t\t\t\t\t\t\t\t\t\t\t\t\t\t\t\t\t\t\t\t\t<div class=\"gllr_image_block\">\n\t\t\t\t\t\t\t\t\t\t\t\t<p style=\"\n\t\t\t\t\t\t\t\t\t\t\t\twidth:164px;height:164px;\t\t\t\t\t\t\t\t\t\t\t\t\">\n\t\t\t\t\t\t\t\t\t\t\t\t\t\t\t\t\t\t\t\t\t\t\t\t\t\t\t\t<a data-fancybox=\"gallery_fancybox_734\" href=\"https:\/\/www.rytkonen.net\/wp-content\/uploads\/2015\/08\/rio1.jpg\" title=\"T\u00e4ss\u00e4 Rio Grande-pubissa rokinsoitossa Shakin Skeletons-yhtyeen kanssa. Vierailevana harpistina mukana Jari Lehtom\u00e4ki.\" >\n\t\t\t\t\t\t\t\t\t\t\t\t\t\t\t\t<img decoding=\"async\" width=&quot;150&quot; height=&quot;150&quot; style=\"width:150px; height:150px; border-width: 7px; border-color:#f1f1f1;border: 7px solid #f1f1f1\" alt=\"T\u00e4ss\u00e4 Rio Grande-pubissa rokinsoitossa Shakin Skeletons-yhtyeen kanssa. Vierailevana harpistina mukana Jari Lehtom\u00e4ki.\" title=\"T\u00e4ss\u00e4 Rio Grande-pubissa rokinsoitossa Shakin Skeletons-yhtyeen kanssa. Vierailevana harpistina mukana Jari Lehtom\u00e4ki.\" src=\"https:\/\/www.rytkonen.net\/wp-content\/uploads\/2015\/08\/rio1-150x150.jpg\" rel=\"https:\/\/www.rytkonen.net\/wp-content\/uploads\/2015\/08\/rio1.jpg\" \/>\t\t\t\t\t\t\t\t\t\t\t\t\t\t\t<\/a>\n\t\t\t\t\t\t\t\t\t\t\t\t\t\t\t\t\t\t\t\t\t\t\t\t\t\t<\/p>\n\t\t\t\t\t\t\t\t\t\t\t\t\t\t\t\t\t\t\t\t\t\t\t<\/div><!-- .gllr_image_block -->\n\t\t\t\t\t\t\t\t\t\t\t\t\t\t\t\t\t\t\t\t\t<div class=\"clear\"><\/div>\n\t\t\t\t\t\t\t\t\t\t<\/div><!-- .gllr_image_row -->\n\t\t\t\t\t\t\t\t\t\t\t\t\t\t\t\t\t<\/div><!-- .gallery.clearfix -->\n\t\t\t\t\t\t\t\t\t\t\t\t\t\t<\/div><!-- .gallery_box_single -->\n\t\t\t\t\t\t<div class=\"gllr_clear\"><\/div>\n\t\t\t\t\t\t\n","protected":false},"excerpt":{"rendered":"<p>HENKIL\u00d6 Olavi Rytk\u00f6nen on juontaja, selostaja, kuuluttaja, MC, ohjelmapalveluiden ja viestinn\u00e4n ammattilainen &#8211; kun sanojen on tiedett\u00e4v\u00e4 paikkansa! Olavi Rytk\u00f6sen tarjoamista ohjelmapalveluista Sukellus savolaisuuteen-show on savolaista stand uppia ja interaktiivista murrekonsultaatiota yhdistelev\u00e4 hulvaton puolituntinen, jonka j\u00e4lkeen ei-savolaisen leuat ovat notkistuneet ja savolainen on kerrannut kurssinsa. Intensiivinen ohjelma taipuu monenlaisten ryhmien&#8230;<\/p>\n","protected":false},"author":1,"featured_media":0,"parent":0,"menu_order":0,"comment_status":"closed","ping_status":"closed","template":"","meta":{"footnotes":""},"class_list":["post-11","page","type-page","status-publish","hentry"],"_links":{"self":[{"href":"https:\/\/www.rytkonen.net\/index.php?rest_route=\/wp\/v2\/pages\/11","targetHints":{"allow":["GET"]}}],"collection":[{"href":"https:\/\/www.rytkonen.net\/index.php?rest_route=\/wp\/v2\/pages"}],"about":[{"href":"https:\/\/www.rytkonen.net\/index.php?rest_route=\/wp\/v2\/types\/page"}],"author":[{"embeddable":true,"href":"https:\/\/www.rytkonen.net\/index.php?rest_route=\/wp\/v2\/users\/1"}],"replies":[{"embeddable":true,"href":"https:\/\/www.rytkonen.net\/index.php?rest_route=%2Fwp%2Fv2%2Fcomments&post=11"}],"version-history":[{"count":39,"href":"https:\/\/www.rytkonen.net\/index.php?rest_route=\/wp\/v2\/pages\/11\/revisions"}],"predecessor-version":[{"id":1666,"href":"https:\/\/www.rytkonen.net\/index.php?rest_route=\/wp\/v2\/pages\/11\/revisions\/1666"}],"wp:attachment":[{"href":"https:\/\/www.rytkonen.net\/index.php?rest_route=%2Fwp%2Fv2%2Fmedia&parent=11"}],"curies":[{"name":"wp","href":"https:\/\/api.w.org\/{rel}","templated":true}]}}